 y - 51 - 56 = 3*o. Let s = -121 + y. Is x(s) a prime number?
True
Suppose -4*n = 3*b - 73 + 1, 5*b - 2*n = 94. Let m = 98 + b. Is m prime?
False
Suppose 0 = -5*b + g + 355645, -4*b - 157816 + 442332 = 2*g. Is b a prime number?
True
Let o be -7426*-1*(-2)/(-2). Suppose -4*a = -6*x + x + o, 5*a + 4453 = 3*x. Suppose 2*v + 3*m = -m + 1482, -2*v = 2*m - x. Is v composite?
True
Let p(u) = -2*u**3 - 6*u**2 - u. Let j be p(-3). Suppose -5*h + 161597 = -j*k + 21541, 3 = k. Is h a prime number?
False
Suppose -f = 3*h - 1676, -3*h = 2*f - 4*f + 3352. Let p = 730 + f. Suppose 2*s + 828 = p. Is s a composite number?
True
Let s(m) = 121*m**3 - 52*m + 23*m + 4*m**2 - 3 + 28*m. Let t be s(3). Let l = -782 + t. Is l a prime number?
False
Suppose 5*s - 2696 = 84. Let q = 135 - s. Let p = q - -600. Is p a composite number?
False
Let o be 13 + -14 - ((-1 - 2) + -4243). Suppose o = 8*g - 18979. Is g prime?
True
Let w(j) = -j**2 - 12*j - 35. Let z(a) = -8*a**3 - a**2. Let g be z(1). Let p be w(g). Is 36504/32 + (-2)/p prime?
False
Is 6/5 - 8494577/(-1615) composite?
False
Suppose l - 91221 = -v, 0 = -2*v - 5*l + 77295 + 105123. Is v composite?
False
Let d = 117 - 117. Suppose d = -2*c - 5*y + 7549, 2*c + 18915 = 7*c + 4*y. Is c a composite number?
True
Let k(f) = -3*f + 14. Let v(d) = d - 5. Let c(g) = -3*k(g) - 8*v(g). Let o be c(4). Is (-717)/(-6)*(0/(-1) + o) composite?
False
Let w = 202 - 142. Suppose 8*d - 14*d + w = 0. Is ((-502)/4)/((-5)/d) composite?
False
Suppose 25 = -i + 26. Let y be (i + 1)/2*102. Suppose -149 - y = -m. Is m a prime number?
True
Let a(o) = 22632*o**2 + 517*o + 7. Is a(10) composite?
False
Let s(l) = -l + 5. Let y be s(1). Suppose -4*c + 15055 = c + y*i, 6022 = 2*c - i. Is c a composite number?
False
Let x be (10/(-50))/(2/10)*9. Is -1 - 180/x*7908/10 prime?
False
Let d(y) = -5*y**3 + y**2 + 27*y + 89. Is d(-4) composite?
False
Suppose 55*h = 36*h + 841795. Is h a composite number?
True
Suppose -5*i - 7525 = 58490. Let v = i + 18720. Suppose 4*q + v = 13*q. Is q composite?
False
Let g(z) = -z**3 + 16*z**2 + 39*z - 31. Let a = 118 + -118. Let u be ((-66)/(-44))/((-1)/(-10) + a). Is g(u) prime?
False
Let a = -21 + 21. Suppose a = f - 12*f + 66. Suppose 2*j = f*j - 5924. Is j prime?
True
Let k be 0 + -1 + 0 - -45. Is 14458/6 + k/33 a prime number?
True
Suppose -77*j + 65248391 - 7048323 + 104770047 = 0. Is j prime?
False
Suppose -4*w + 8 + 0 = -4*o, -3*w - 3*o = -12. Suppose 10*u = w*u + 9569. Is u a composite number?
False
Let g be (76 - -4)/4 + 28/(-14). Suppose g*h = 15*h - 9, 3*c - 13185 = 4*h. Is c prime?
True
Let n(j) = -5219*j - 540*j - 3833*j - 5. Is n(-1) a prime number?
True
Let l(h) = 11*h - 282. Let g be l(26). Suppose -u - 2*c + 13964 = -c, 5*c = g*u - 55847. Is u a composite number?
False
Let v = -7269 - -11492. Is v a composite number?
True
Let v(b) = 4*b**2 - 12*b + 6. Let j(g) = -2*g**2 + 24*g + 4. Let f be j(12). Suppose 3*a + 6 - 18 = 0, a - 56 = -f*m. Is v(m) a prime number?
False
Suppose -3*p + 21104 = 4*a, 21096 = 4*a - 47*p + 48*p. Is a a composite number?
False
Let g(c) = -1. Let n(u) = 795*u**2 - 1. Let x(q) = -3*g(q) + n(q). Is x(1) composite?
False
Suppose -4*k + 9493 = k + 4*y, -4*k + 7594 = 3*y. Let t = k - -4170. Is t composite?
False
Suppose 3*g + 28630 = 10*g. Suppose -4*y - c = -10877, 3*c + 1368 = -y + g. Is y a prime number?
True
Let w(i) = -45902*i + 1107. Is w(-8) composite?
False
Is (19/(-8))/(36/(-501408)) a prime number?
False
Let u(n) = -98*n + 7. Let m be (-7)/14 + 2 + 66/(-4). Is u(m) a prime number?
False
Suppose 45 + 495 = 6*b. Suppose f + b = -45. Let r = 253 + f. Is r prime?
False
Suppose 0 = 22*i - 30112036 + 1521254. Is i a composite number?
True
Suppose -4*s - 5*r + 1897916 = 0, -2*s - 4*r = -463547 - 485411. Is s a prime number?
True
Let m = -1724 - -9204. Let y = m + 2993. Is y prime?
False
Let n = 7399 - 4333. Suppose 0 = -2*o + 4*o + 3*p - n, -3*o + 4613 = p. Let j = -806 + o. Is j composite?
False
Is ((-1)/36*-18)/((-5)/(-5350990)) prime?
True
Let r(m) = -56*m**3 - 19*m**2 + 319*m + 67. Is r(-24) a composite number?
True
Let a(f) = 1175*f + 2569. Let v be a(-3). Suppose 4*i - i = -4*x + 8285, -5554 = -2*i + 5*x. Let t = v + i. Is t a composite number?
False
Is 4*(-8 + (-4)/((-64)/56836)) prime?
True
Suppose 0*s - 23*s + 58 = 6*s. Let h = 1 + -1. Is (-2 + 4)*(h - (-1423)/s) prime?
True
Let j(x) = -361*x + 82. Let s = 22 + -25. Is j(s) composite?
True
Suppose -323*h + 587574 = -314*h. Suppose -4*j + 8 = 0, 38*u + 5*j = 34*u + h. Is u prime?
True
Let k(q) = 22*q - 79*q + 41*q - 88*q - 140*q - 254. Is k(-13) a prime number?
False
Let t(x) = -x**2 - 29*x - 71. Let w(f) = 3*f**2 + 87*f + 213. Let k(d) = 8*t(d) + 3*w(d). Is k(-41) composite?
False
Let y(q) = 2*q**3 - 9*q**2 - 2*q - 610. Is y(17) prime?
True
Let l(f) = -176573*f**3 - 162*f**2 - 162*f. Is l(-1) composite?
False
Let t = -65 - -70. Suppose n - 14 = t*f, -15 = -5*n + 2*f + 9. Suppose -n*a - 2301 = -7*a. Is a a composite number?
True
Let u be -1*55*(-8)/20. Is ((-2)/3)/(u/(-13035)) prime?
False
Suppose 3*u + 915 = -3*x, -911 = 5*x - 2*x + u. Let b = x - -725. Is b a composite number?
True
Suppose -4*z - 3*y = -y, -4*z = -y. Suppose -6*w + 7*w - 11 = z. Suppose -w*g + 7152 - 871 = 0. Is g a composite number?
False
Suppose 2*x = -g + 5*g - 4, 3*x - 16 = -5*g. Let y(i) = 3 - 1 - 3 + 106*i. Is y(g) prime?
True
Suppose -13 = -d + 2*l, -4*d - 2*l + 4*l = -40. Is ((-15)/20)/(d/(-66))*394 a prime number?
False
Suppose 29*x - 498591 - 941180 = -152838. Is x prime?
False
Let l(u) be the third derivative of -u**5/60 + u**4/4 + 17*u**3/6 + 10*u**2. Let y be l(8). Is ((-2043)/(-18))/(y/22) a composite number?
True
Let r(d) = -d**3 + d. Let u be r(0). Let k be -7 - (-17)/(221/156). Suppose u*v + k*b = -2*v + 2543, -2*v - 4*b + 2538 = 0. Is v composite?
False
Suppose 16*h - 21*h + 1560 = 0. Let y(l) = -54 + 57 + 154*l + h*l. Is y(5) prime?
True
Suppose -19*u = -4*u - 390. Suppose 31*a = u*a + 173695. Is a composite?
False
Suppose 2*d - 2*b + 38 = 0, 4*d - 2*b + 56 = -3*b. Is -471*((-23)/(-115) + 58/d) a composite number?
True
Suppose 3*v - 16 = 4*i, 3*i - 12 = -4*v + 1. Suppose 0 = 4*a + 5*o - 22, -2*a = -7*a - v*o + 23. Suppose -2007 = -6*g + a*g. Is g a prime number?
False
Let z be (-6)/(-9) - 44/(-6). Let q be ((-228)/(-9))/4 - z/6. Let g(x) = 27*x**2 + 14*x - 12. Is g(q) prime?
True
Suppose -10607897 = 3156*a - 3209*a. Is a a prime number?
False
Let g be (-40)/50 + (-4)/(-5). Suppose -1244 = -3*f + 2*c, 0 = -3*f - g*c - c + 1241. Suppose f = 5*r - 501. Is r composite?
True
Let z(y) = 177 - 243 - 15*y + 217*y. Let s(j) = 403*j - 132. Let p(m) = -3*s(m) + 7*z(m). Is p(7) a prime number?
False
Let w be (-12 - -7) + 4 + 0. Let t = -16 - w. Let i = 124 - t. Is i composite?
False
Let z = 40 - 36. Suppose 25 - 9 = z*d. Suppose 0 = -f + d*f - 633. Is f prime?
True
Suppose 5*j + 10 = o, 31 = -0*j - 2*j - 5*o. Let m be ((-8093)/j)/1 + (-11)/(-33). Suppose 3*g - 197 - m = 0. Is g a prime number?
False
Let c(b) = b**2 + 12*b - 205. Is c(-36) prime?
True
Suppose 4*s + 0 - 16 = 0. Suppose s*p + 0*p = -4*k + 720, 2*k = 6. Is p composite?
True
Let h be (-1*4)/(-2 - 0). Suppose 6 = 3*s, 2*a - h*s = 755 + 2375. Is a a prime number?
True
Suppose 4*y - 1073723 = -3*b, 4*b + y - 1355215 = 76433. Is b a composite number?
False
Suppose 0 = -329*c + 315*c + 15526. Is c a prime number?
True
Let w(n) = 1809*n + 31. Let d be (16/(-28))/(1/(-14)). Is w(d) a prime number?
True
Suppose -22*o - 2997485 + 11775991 = 0. Is o prime?
True
Suppose -23 - 22 = -15*z. Suppose 1457 = 2*q - 1469. Suppose -303 = -r - 5*x, x = z*r + 2*r - q. Is r a composite number?
False
Let b(u) = 2*u**2 - 10*u + 9. Let a(c) = c**2 - 9*c + 9. Let g(z) = -6*a(z) + 5*b(z). Let h be -2 + 9 - (-9 + 21). Is g(h) a composite number?
False
Suppose 420*t - 20606121 = 18668499. Is t a prime number?
False
Suppose -34*j - 48959 = -5*x - 32*j, -4*x + 5*j = -39174. Is x composite?
False
Suppose -5 = -v + 2*u, -3*v = v - 4*u - 16. Suppose -p + 11 = v*s, -s + 8*p - 11*p = -9. Is (-274491)/(-42) - s/(-2) a prime number?
False
Is 60/135 + 7/((-441)/(-68197346)) composite?
True
Let k be (-1 - 2 - (-9 - 3)) + -4. Suppose -12186 = -k*h + 14359. Is h a composite number?
False
Let v(j) = 11*j - 5. Let r be v(2). Su